e w(-10).
-26
Let w(u) = -2*u**2 - 11*u + 10. Calculate w(-6).
4
Let p(a) = -a**2 - 11*a + 18. What is p(-13)?
-8
Let k(b) = -2*b + 91. What is k(27)?
37
Let o(y) = -2*y**2 + 17. Give o(0).
17
Let l(s) = -4*s + 4. Give l(-2).
12
Let q(n) = -n**3 + 6*n**2 + 3*n - 45. What is q(4)?
-1
Let g(s) = 2*s**2 + 14*s - 20. Determine g(-8).
-4
Let v(m) = -4*m + 8. What is v(-9)?
44
Let t(f) = -f**3 + 8*f**2 - 12*f. Determine t(5).
15
Let o(s) = 5*s - 22. What is o(0)?
-22
Let s(k) = 4*k**2 - 19*k - 47. Calculate s(7).
16
Let n(p) = 9*p + 35. Calculate n(-7).
-28
Let z(p) = p**3 - 28*p - 48. What is z(-2)?
0
Let j(b) = -4*b + 80. Determine j(16).
16
Let r(s) = s**3 + 8*s**2 + 7*s + 4. Give r(-8).
-52
Let z(q) = 13*q - 71. Give z(7).
20
Let k(s) = -s**2 - 4*s + 9. Determine k(-5).
4
Let z(b) = -6*b + 1. Give z(-2).
13
Let c(l) = l**3 + 6*l**2 + 6*l + 12. Calculate c(-5).
7
Let p(t) = 21*t**3 - 2*t**2 + 3*t - 2. Give p(1).
20
Let u(d) = 26*d + 11. Calculate u(-5).
-119
Let i(w) = -17*w - 99. What is i(-6)?
3
Let l(f) = 8*f + 3. Determine l(-2).
-13
Let u(g) = -g**2 + 11*g - 12. Give u(10).
-2
Let x(n) = -4*n**3 - 3*n**2 - 3*n. Determine x(-2).
26
Let i(o) = 2*o - 11. What is i(5)?
-1
Let c(q) = q**3 + 9*q**2 - 7*q + 36. Calculate c(-10).
6
Let c(p) = -10*p - 113. What is c(-9)?
-23
Let o(n) = -18*n - 41. What is o(-4)?
31
Let c(g) = -g**3 + 5*g**2 - 3*g - 2. What is c(4)?
2
Let g(j) = -2*j**2 + j - 14. Calculate g(4).
-42
Let r(c) = c**3 + 6*c**2 - 111*c - 720. Determine r(-7).
8
Let n(t) = t**3 - 4*t**2 + 5*t + 3. Give n(3).
9
Let z(p) = -p**2 + 5*p + 25. Determine z(8).
1
Let q(c) = -c**3 + 7*c**2 + 22*c + 8. Determine q(9).
44
Let a(i) = -i**3 + 4*i**2 + 19*i - 20. Determine a(7).
-34
Let s(y) = y**3 - y**2 - y + 1. Determine s(-4).
-75
Let f(x) = -x**2 - 10*x + 15. Calculate f(-12).
-9
Let t(r) = -r**2 - 3. What is t(4)?
-19
Let q(g) = 9*g + 42. What is q(-6)?
-12
Let h(f) = -19*f + 2. Give h(-3).
59
Let w(v) = -v**2 - 2*v - 4. Calculate w(-6).
-28
Let u(s) = 2*s + 16. What is u(3)?
22
Let c(u) = -22*u - 8. Give c(-4).
80
Let h(y) = 36*y - 4. Calculate h(-2).
-76
Let v(y) = -49*y + 398. Give v(8).
6
Let w(i) = 2*i - 11. Determine w(4).
-3
Let f(n) = -n**3 - 16*n**2 - n - 19. What is f(-16)?
-3
Let z(q) = -6*q**2 + 2*q + 1. What is z(-1)?
-7
Let p(k) = -15*k - 5. Calculate p(-7).
100
Let h(w) = -w - 17. What is h(-9)?
-8
Let n(p) = 2*p**3 - 31*p**2 - 15*p - 18. Determine n(16).
-2
Let c(k) = k**2 + 8*k + 5. Calculate c(-7).
-2
Let d(l) = -l**2 - 2*l - 18. Give d(-9).
-81
Let n(p) = p**3 - 11*p**2 - 18*p + 2. Calculate n(12).
-70
Let o(q) = -2*q**2 + 3*q. Give o(2).
-2
Let z(j) = -2*j**3 - 15*j**2 - 12*j - 5. Give z(-7).
30
Let v(i) = 7*i + 265. What is v(-37)?
6
Let w(x) = 6*x**2 - 5*x + 17. Give w(3).
56
Let k(b) = b**2 + b - 3. Calculate k(-4).
9
Let g(s) = 9*s + 5. What is g(6)?
59
Let m(l) = 2*l**2 - 28*l + 7. Determine m(12).
-41
Let i(k) = -8*k - 20. What is i(-2)?
-4
Let l(w) = -w**2 + 10*w. What is l(8)?
16
Let x(o) = 3*o**2 - 5*o + 2. What is x(3)?
14
Let d(b) = b**2 - 10*b + 11. Calculate d(8).
-5
Let z(t) = t**3 + 4*t**2 + t + 2. Determine z(-2).
8
Let t(o) = o**3 + 9*o**2 - 26*o - 17. Calculate t(-11).
27
Let s(q) = q**3 + 20*q**2 - 17*q + 87. Calculate s(-21).
3
Let a(k) = -15*k**3 + 2*k**2 - k - 1. Calculate a(-2).
129
Let c(t) = t**3 - 3*t**2 + 3. Calculate c(0).
3
Let c(d) = -d**3 - d**2 + 5*d - 6. Give c(-3).
-3
Let v(i) = -2*i**2 - 15*i - 3. What is v(0)?
-3
Let p(x) = -3*x**3 + 2*x**2 - 17*x - 18. Calculate p(-1).
4
Let x(m) = -m**3 - 4*m**2 + 3. Give x(-5).
28
Let c(z) = -z**2 - 6*z + 25. What is c(-10)?
-15
Let u(b) = -8*b**2 - b + 2. Determine u(-2).
-28
Let h(d) = -11*d - 132. What is h(-17)?
55
Let t(a) = 12*a - 158. Give t(13).
-2
Let q(i) = -8*i**2 + 3*i - 8. Give q(2).
-34
Let w(y) = 33*y + 466. Determine w(-14).
4
Let r(a) = -9*a + 379. Calculate r(45).
-26
Let p(s) = -4*s - 32. What is p(-8)?
0
Let s(y) = -y + 8. Calculate s(11).
-3
Let g(q) = -q**3 + 33*q**2 + q - 37. Determine g(33).
-4
Let w(i) = -i**2 + 3*i - 2. What is w(-4)?
-30
Let d(y) = y**3 - 6*y**2 + 4*y - 11. Give d(4).
-27
Let p(s) = -3*s**3 + 13*s**2 - s - 17. What is p(4)?
-5
Let u(a) = 38*a + 4. Calculate u(-1).
-34
Let z(q) = q**3 - 10*q**2 + 9*q. Give z(9).
0
Let k(i) = 27*i + 45. Give k(-2).
-9
Let u(f) = 25*f + 14. What is u(-3)?
-61
Let k(p) = -2*p - 1. Determine k(-2).
3
Let p(x) = 3*x**2 - 7*x + 41. Give p(6).
107
Let r(z) = -z**3 - 2*z**2 - 33. What is r(0)?
-33
Let m(v) = -v**3 + 8*v**2 - 5*v - 3. Calculate m(6).
39
Let q(v) = -v**3 + v**2 + 2*v. Determine q(-4).
72
Let r(j) = -j - 4. Calculate r(5).
-9
Let y(j) = j**2 + 22*j + 12. What is y(-21)?
-9
Let a(r) = -r**3 + 22*r**2 + 25*r - 32. Give a(23).
14
Let k(r) = r**2 + 4*r - 2. Give k(-2).
-6
Let a(x) = x - 20. Give a(32).
12
Let g(j) = -j**3 + 3*j**2 + 3*j. Calculate g(3).
9
Let w(v) = -15*v + 6. Calculate w(2).
-24
Let b(w) = -w - 3. Calculate b(-11).
8
Let q(r) = -3*r - 44. Give q(-13).
-5
Let p(v) = -v**2 - 15*v. Give p(-14).
14
Let g(l) = -2*l**2 + 24*l + 134. Give g(16).
6
Let h(u) = 2*u**3 - 61*u**2 - 32*u + 54. Calculate h(31).
23
Let w(z) = -5*z**2 + z + 1. Calculate w(3).
-41
Let j(n) = -115*n + 122. Give j(1).
7
Let g(o) = o**2 + 12*o - 4. Calculate g(-7).
-39
Let b(c) = 37*c + 225. Calculate b(-6).
3
Let w(o) = -o - 8. What is w(10)?
-18
Let t(y) = -2*y**2 + 10*y - 12. Calculate t(6).
-24
Let y(k) = 7*k - 1. Calculate y(-3).
-22
Let b(r) = 35*r + 18. Give b(-1).
-17
Let u(n) = 4*n + 8. What is u(-2)?
0
Let u(n) = 6*n**2 + 3*n + 3. What is u(-3)?
48
Let t(p) = 4*p**3 + 2*p**2 - 5*p + 2. Determine t(1).
3
Let k(v) = -v**2 - 8*v. Give k(-8).
0
Let t(f) = -f**2 - 8*f - 10. Determine t(-8).
-10
Let v(u) = 4*u**2 + 12*u + 3. What is v(-3)?
3
Let x(a) = -2*a**2 + 8*a - 4. What is x(4)?
-4
Let q(n) = -n**2 - 15*n + 19. What is q(-16)?
3
Let d(s) = 61*s + 7. Calculate d(-1).
-54
Let u(o) = -2*o + 23. Determine u(-7).
37
Let c(y) = -4*y**2 + 2*y - 6. Give c(-5).
-116
Let x(d) = -5*d**2 - 6*d + 6. What is x(-3)?
-21
Let g(z) = -z**3 - 16*z**2 + 12*z - 104. Calculate g(-17).
-19
Let o(x) = 17*x - 20. Determine o(2).
14
Let p(j) = 8*j + 14. What is p(-5)?
-26
Let a(u) = -13*u**3 + 2*u**2 - 3*u + 1. Calculate a(1).
-13
Let u(l) = -l**2 - 8*l. Determine u(-11).
-33
Let h(z) = -z**3 + 9*z**2 - 13*z - 7. Calculate h(7).
0
Let j(v) = -v**2 + 12*v - 10. What is j(4)?
22
Let q(y) = -33*y - 102. Calculate q(-3).
-3
Let b(v) = -v**3 + 5*v**2 - 2*v - 5. Calculate b(2).
3
Let p(c) = -4*c**2 - 5*c - 13. Determine p(-8).
-229
Let w(y) = -y**3 + 7*y**2 + 5*y - 10. Give w(8).
-34
Let g(s) = -9*s + 116. What is g(14)?
-10
Let t(j) = -2*j**3 + 37*j**2 - 19*j + 38. What is t(18)?
20
Let c(j) = 23*j + 126. Calculate c(-5).
11
Let m(v) = v**2 + 18*v - 39. Calculate m(-20).
1
Let x(d) = 7*d + 10. Calculate x(5).
45
Let z(b) = b**2 + 21*b + 30. What is z(-18)?
-24
Let c(q) = 8*q**2 + 18*q - 37. Calculate c(3).
89
Let v(b) = b**3 + b**2 + b + 4. Give v(0).
4
Let f(n) = 28*n**2 + n - 1. Determine f(-1).
26
Let l(f) = f**3 + 28*f**2 - 35*f - 182. Determine l(-29).
-8
Let s(p) = p**3 - 11*p**2 - 23*p - 30. Give s(13).
9
Let m(y) = -2*y**3 + 2*y**2 - 4*y + 10. What is m(2)?
-6
Let v(y) = y**3 - 14*y**2 + 13*y - 3. Calculate v(13).
-3
Let q(i) = i**2 - 61*i - 62. Give q(62).
0
Let p(m) = -m**3 + 14*m**2 + 52*m + 2. Give p(17).
19
Let y(v) = -15*v + 51. What is y(18)?
-219
Let z(w) = -w**3 + 2*w**2 + 2*w - 2. Give z(3).
-5
Let o(s) = s**3 - 2*s**2 + 7. Calculate o(0).
7
Let b(d) = -53*d**3 - d**2 - d + 1. Determine b(-1).
54
Let o(x) = x**2 + 38*x - 173. Give o(-42).
-5
Let m(b) = 2*b**3 - 33*b**2 + 17*b - 11. Determine m(16).
5
Let w(z) = -z**3 - 22*z**2 + 3*z + 49. Calculate w(-22).
-17
Let l(o) = o**2 - 3*o - 46. Determine l(9).
8
Let x(v) = -v**3 - 29*v**2 - 79*v - 20. Calculate x(-26).
6
Let u(f) = -2*f**2 + 13*f + 5. Determine u(6).
11
Let o(q) = q**3 + 44*q**2 - 2*q - 89. Calculate o(-44).
-1
Let w(m) = m**2 + m - 4. Calculate w(-2).
-2
Let x(y) = -2*y - 2. What is x(-21)?
40
Let q(r) = 29*r**2 + r - 1. What is q(1)?
29
Let m(c) = -c**2 + 12*c - 13. Give m(10).
7
Let c(u) = u**3 - 16*u**2 - 18*u + 11. Calculate c(17).
-6
Let b(p) = -16*p + 102. Determine b(7).
-10
Let p(w) = -w**3 - 5*w**2 + w - 3. Determine p(-5).
